1. Let r be s(10). What is the highest common divisor of 3 and r?
3
Let b(v) = v**3 + 8*v**2 - 9*v + 2. Let z be b(-9). Suppose -z*s - 1 = -7. Let o(d) = 3*d. Let m be o(1). What is the highest common factor of s and m?
3
Let j be (26/(-8))/(2/(-88)). Suppose 1052 = -5*p + 2*c, 3*p - 3*c = 4*p + 224. Let u = 225 + p. Calculate the highest common factor of u and j.
13
Suppose -304 = -6*y - 2*y. Suppose 3*b + 36 = -4*g, 4*b + g = -g - y. Let p be (1 - -1)/(b/(-24)). What is the highest common factor of p and 6?
6
Suppose 6*m - 11*m + 2*t + 912 = 0, 5*m + 3*t - 932 = 0. What is the greatest common factor of 1058 and m?
46
Let y(x) = 6*x**2 - x + 9. Let z be y(3). Let h = 1814 - 1734. What is the greatest common divisor of z and h?
20
Let o be (-2)/(-8) + 55/4. Suppose 3*w - 593 = c - 513, 0 = 2*c - 8. What is the highest common divisor of w and o?
14
Suppose -4*n - 10*n = -n - 182. What is the greatest common divisor of 3136 and n?
14
Let k(i) = -i**3 - 9*i**2 + 7*i + 14. Let j be k(-10). Suppose y + 3*c - j = 0, c + 99 = 2*y - 4*c. Calculate the greatest common divisor of y and 141.
47
Suppose c - 7 = -4. Suppose c*d - 1376 + 122 = -5*u, 5*d = -u + 242. What is the highest common divisor of u and 28?
28
Let s(m) = 2*m**2 - 234*m + 1360. Let x be s(6). Calculate the greatest common divisor of 6244 and x.
28
Suppose 0 = 2*l + c + 1, 3*l - 3*c = 4 - 10. Let v be -5 + 22 + (l - -3). Suppose 3*i = v + 68. Calculate the highest common factor of 145 and i.
29
Suppose 7*x - 388 = 3*x. Let f = x + -53. Let w be f + (24/(-11) - (-6)/33). Calculate the greatest common factor of w and 462.
42
Let z = -18 - -33. Let k(t) = t**3 - 13*t**2 - 29*t - 1. Let g be k(z). What is the greatest common factor of 112 and g?
14
Suppose -4*y = -5*p + 53 - 39, 0 = 4*p + 5*y - 44. What is the greatest common divisor of p and 141?
3
Let z be 1 - -2 - (-5)/(-3 - 2). Suppose g - 1176 = z*o, -g = -3*o - 381 - 799. Calculate the greatest common factor of g and 73.
73
Suppose -w + 31 = 2*x, -4*x + 27 = 3*w - 60. Suppose -1968 = 153*y - 3498. Calculate the greatest common factor of w and y.
5
Suppose 4*d + 2014 = -2*m, -3*d = 2*d - 4*m + 2524. Let k be (d/(-105))/(3/110). Calculate the greatest common factor of k and 11.
11
Let k(u) = 3*u**3 + 94*u**2 - 134*u + 62. Let o be k(-30). What is the highest common divisor of o and 92?
46
Let n(b) = -80*b - 390. Let i be n(-5). Suppose i*q = -2*g + 9*q + 108, -g + 3*q = -61. What is the highest common factor of 11 and g?
11
Let y(c) = -65*c + 78. Let f be y(0). What is the highest common factor of f and 6?
6
Suppose 53*c + 157*c - 3770 = 65*c. Calculate the greatest common divisor of 533 and c.
13
Suppose -19*u + 871 - 202 = -205. Calculate the greatest common factor of 299 and u.
23
Let u(v) = v**2 + 7*v + 17. Let k be u(-4). Suppose k*i - 770 = -260. Let y be 96/15 + 4/(-10). Calculate the greatest common factor of y and i.
6
Suppose 2*r - 115 = -149. Let v(h) = 3*h + 240. Let x be v(r). Calculate the highest common divisor of x and 14.
7
Suppose 0 = -5*x - 7*z + 5644, -4*z + 809 + 338 = x. What is the highest common divisor of x and 15?
3
Suppose 1 + 3 = 2*g. Suppose 140 = 4*n - b - 35, -5*b + 93 = g*n. Calculate the greatest common factor of 44 and n.
44
Let g = 66 + -62. Suppose c + 4*b - 14 = 13, -2*c = -g*b - 18. What is the highest common divisor of c and 1125?
15
Suppose -456*a = -451*a + l - 167, 5*l + 29 = 2*a. What is the highest common factor of 2152 and a?
8
Let a be (-10)/(-30) - 190/(-6). Let x = -52 + 52. Suppose 3*f + 5*f - 128 = x. Calculate the greatest common factor of f and a.
16
Let l be (-106)/(-38) - 120/(-570). What is the highest common divisor of 229 and l?
1
Let y = 14807 - 14199. Calculate the greatest common divisor of y and 1786.
38
Suppose -5*f + 0 - 88 = -x, x - 3*f = 80. Suppose -13*l = -296 - x. What is the greatest common factor of 175 and l?
7
Let u be (1080/(-70))/((-18)/63). What is the highest common factor of 2727 and u?
27
Let a(v) = -38*v + 1034. Let d be a(15). Calculate the greatest common factor of d and 48.
16
Suppose -5*i + 36 = 6*h - 2*h, 3*h - 4*i + 4 = 0. Let k = 32 + -24. Let f be (h/k)/(1/34). What is the greatest common factor of f and 136?
17
Let w = 721 - -188. Let j = w + -249. Calculate the greatest common divisor of 22 and j.
22
Let u(j) = 81*j**2 - 4*j - 4. Let n be u(-2). Let z be (0 - -4) + n - -4. Suppose -3*i = -9*i + z. What is the greatest common factor of i and 14?
14
Let y be -290*(-5)/((-250)/(-15)). Calculate the highest common divisor of 2 and y.
1
Let b be -3 - 19/(-3) - (-6)/9. Suppose 2*f + 0*n = -4*n + 18, -4*n = -b*f + 24. Suppose -f*j = -599 + 109. What is the greatest common divisor of j and 175?
35
Let x(k) = 6*k**2 + 49*k - 31. Let r(g) = g**3 - 9*g**2 + 7*g - 6. Let q be r(8). Let h be x(q). Calculate the highest common divisor of h and 102.
51
Let d(q) = 19*q - 110. Let j be d(6). Let h(k) = 2*k**2 - 16*k + 54. Let b be h(j). What is the greatest common divisor of 154 and b?
22
Let i(q) = q**2 - 1. Let n(l) = 3*l**2 - 22*l - 26. Let r(v) = 6*i(v) - n(v). Let h be r(-10). Calculate the highest common factor of 60 and h.
20
Let a(g) = -g**2 + 43*g - 60. Let i be a(40). Suppose 12*p + i = 18*p. Calculate the greatest common factor of 125 and p.
5
Let c(m) = -9*m - 123. Let k be c(-17). Suppose 0 = -k*i + 35*i - 2365. Calculate the highest common factor of i and 43.
43
Let d = 11 + 112. Let l = 193 - d. Let m be 4/(-6) - 64/(-6). Calculate the highest common factor of l and m.
10
Suppose 0 = v + s - 2536, -117*v - 4*s = -124*v + 17653. Calculate the highest common factor of v and 798.
133
Let d = -551 - -560. Let g be (d/36)/(1/308). What is the greatest common divisor of 154 and g?
77
Let h be (3/(-2))/((-1632)/(-12992) + (-6)/42). Suppose -3*s + 19 = -17. What is the greatest common divisor of s and h?
3
Suppose -9694*m + 9701*m - 1120 = 0. Calculate the highest common factor of m and 6960.
80
Let k be -295 - -286 - -1*17. Let d(c) = 3*c - 5. Let v be d(15). What is the greatest common divisor of k and v?
8
Suppose 3*i - 6966 = -3*x, 17*x - 4644 = 15*x + i. What is the highest common factor of 344 and x?
86
Let z = -15 + 45. Let k(p) = -32*p + 14. Let o(j) = -j**2 + 5*j - 8. Let q be o(5). Let y be k(q). Calculate the greatest common divisor of y and z.
30
Let k be (-19272)/90 + ((-8)/15)/(-4). Let h = -136 - k. What is the greatest common factor of 39 and h?
39
Let q(i) = 319*i - 2225. Let d be q(7). Calculate the greatest common divisor of d and 5624.
8
Let a(m) = -m**3 + m**2 + 15*m + 16. Let d be a(-4). Calculate the highest common divisor of 76 and d.
4
Let u = 843 - 499. Let p = u + -232. Let s = 47 - 31. Calculate the greatest common divisor of p and s.
16
Suppose 14*o - 13970 = -4562. Calculate the highest common divisor of o and 294.
42
Let n = 5573 + -5501. Calculate the greatest common divisor of n and 136.
8
Let v be (-510)/(-2) + (-12 - -14). Suppose 24*s = 23*s - v. Let w = -149 - s. Calculate the greatest common factor of w and 12.
12
Suppose -d = 5*z - 499, z + 46*d = 48*d + 91. Let b = z - 39. Calculate the greatest common factor of b and 810.
30
Let b be (6/(-16) - 10287/216)/((-6)/64). Calculate the greatest common divisor of b and 16.
16
Let q = 2 - 5. Let g = q - -9. Suppose 3*f = 3, -5*l - f + 47 = f. Calculate the greatest common divisor of g and l.
3
Let m = -47 - -70. Suppose 0 = -4*i - 19 + 51. Suppose 3*s - 2*b - b = -6, i = 5*s + b. Calculate the greatest common factor of m and s.
1
Suppose -8*u + 4*u - 5*z + 96 = 0, 6*u - 144 = z. What is the greatest common factor of u and 136?
8
Let z(t) = t**2 - 2*t + 6. Let b be z(0). Let p be (-550)/(-15)*b/5. What is the greatest common factor of p and 22?
22
Suppose 2*g - 14 = 3*w + 63, -2*w = 2*g - 82. Let r = g - 6. Let m be 2 + -4 - (0 - 19). Calculate the highest common divisor of r and m.
17
Suppose 0 = 4*n - 2*w - 2764, -3*w - 2082 = 25*n - 28*n. What is the highest common divisor of 1462 and n?
86
Suppose -g - 26 = -134. Suppose -92684*o + 92686*o - 16 = 0. Calculate the highest common factor of g and o.
4
Let h = 188 - 183. Suppose -6*a + 53 = -4*a - x, -h = -5*x. What is the greatest common factor of 198 and a?
9
Let a(x) = 7*x + 177. Let m be a(-6). Suppose -m*y + 6800 = -12